3 - -4 - 0) + 525 + -502.
-46
Calculate -60 - (-4 + 9) - -25.
-40
(-24 + 30 - 24) + (14 - 0) - 53
-57
Calculate (-25 - 10 - -76) + 9 + -43.
7
Calculate (13 - -8) + (-19 - (2 + -9)).
9
What is the value of 54 + (2 - 16) + (-12 + 43 - 41)?
30
What is 83 + (-6 + -2 - (1 + 6 - (3 + 12)))?
83
What is -52 + (-15 - -50) + 73?
56
What is the value of -12 + (27 - (0 - -1)) + (-43 - -67) + -27?
11
What is -41 - (-19 - -14) - -47?
11
-169 - -328 - (3 - -49)
107
29 - ((-7 - (-12 + 8)) + (2 - -5))
25
What is 19 - (-19 - (-3 + -22) - (1 + 6)) - 2?
18
Calculate 17 + -14 + -22 + 25 + -1 + 125.
130
What is 21 + -23 + 2 + (2 - 1) + (104 - 134)?
-29
Calculate 18 + -16 - 5 - (-74 + 2 + 1).
68
What is -12 + (-7 + -6 - -7 - (8 + -89)) + 1?
64
Calculate -73 - (-14 - 5 - (0 + -7 - (2 + 0))).
-63
What is the value of 19 + (-23 + 9 - 5)?
0
Calculate 49 - (-10 + 16 + (-1 - -6)) - 4.
34
-3 + 7 + (0 - -3) - (24 + 7 + -39)
15
Calculate (-135 - (13 + -218)) + -106.
-36
What is -5 - ((-33 + -43 - -59) + 2 + -40)?
50
What is -36 + (-734 - -730 - (0 - -18)) + 43?
-15
What is 90 - (25 + -82 + 115)?
32
What is the value of 58 + -43 + -2 + 1 + -3 + (-93 - 1)?
-83
What is the value of -1654 + 1613 - (-6 - -5 - (-1 - -3))?
-38
What is -8 - (-48 - (-11 + 31 + -13 + -7)) - 7?
33
-42 + (-12 - (-6 - 22)) - -8
-18
(21 - 16) + (1 + -11 - -9) + -14
-10
Evaluate 1235 - 1182 - (79 - 1).
-25
Calculate -18 + (15 - (-12 + 45)) + 128 - (-4 - 8).
104
14 - (55 + ((16 - 18) + -5 - -22))
-56
Calculate -46 - (35 + (25 - 45) - 2).
-59
Calculate 2341 + -2312 - (1 + -10).
38
Calculate -27 + 30 - (-1 - -9) - -51 - (16 - 14).
44
What is the value of (-6 - 85) + (-100 - -145)?
-46
What is the value of (-1 - 0 - 2) + 554 + -548 + 48 + -37?
14
What is the value of (-2 - 3) + (55 - (79 + -13))?
-16
What is the value of -62 - (18 - (5 - -31)) - -24?
-20
Calculate 61 - 92 - -56 - (-7 - -2).
30
Calculate 146 + (-214 - -179) + -23 + -2.
86
Evaluate (9 - -12) + (-7 + 17 - 10).
21
19 + -44 + -47 + 39 + -8
-41
Evaluate -17 + -2 + (-1526 - -1531).
-14
What is 1 + (-2 - (8 + 1)) + (53 - (13 + 133))?
-103
-9 + (3 + -5 - -8) - (3 - 125 - -16)
103
(-1 - 51) + 18 - (-13 - -2) - -12
-11
What is -40 + -23 + (22 - -23) - -30?
12
What is -4 - -65 - (-685 - -692)?
54
What is 70 + (-43 - 59 - 4)?
-36
-25 + 21 + -1 + 15 + -18
-8
Calculate -1 - (11 - (-12 - (39 + 5 + -19 + 5))).
-54
Evaluate 28 + -7 + 115 + (-1 - -4).
139
What is the value of 43 + -107 + (36 - -49)?
21
Calculate (-49 + 21 - -10) + 32 + -27.
-13
What is (68 - -5) + (-13 - (-32 - -19 - 1))?
74
What is the value of -4 + (-7 - -3) - (-45 + -23 + 21 - -12)?
27
5 - (0 - 3 - (14 - 12) - -10) - 25
-25
What is 0 + -17 + -2 - (6316 - 6356)?
21
(-112 - -95) + -53 - -46
-24
What is the value of 56 - (10 + -28 + 80)?
-6
What is the value of 1 + 1 + 10 - (79 - 93)?
26
What is the value of (21 - (14 - -10)) + 2 + 56?
55
Calculate (58 - 5) + 6 + 173 + -191.
41
What is the value of -139 + -414 + 456 + (1 + -2 - -2)?
-96
Evaluate 93 - ((78 - 39) + 86).
-32
-18 - ((-19 - -57) + -51)
-5
What is the value of 97 + 2 + -4 + -1 + (-15 - -17 - 5)?
91
-3 + (-4 + (18 - 11) - (-10 + 3)) - -47
54
Evaluate (-60 - (20 + -78)) + -24.
-26
Evaluate (-1 - -3) + 111 + (-51 - (-17 - 14)).
93
What is the value of -8 + 1 - (137 + (-4 - (-9 + 18)) + -7)?
-124
What is the value of -1 + -123 + -55 + (105 - 45) - -18?
-101
Calculate (1 - (-2 + 1 - 42)) + -2 + (-4724 - -4727).
45
56 - (64 - -2) - -66
56
1 + (36 - 19) + 0 - (1 + 37)
-20
What is (-12 - (-24 + 8 + 9)) + 7 + -12?
-10
What is 34 + -20 - 43 - -37?
8
What is the value of (34 + -2 - 30) + -12 - (-1 + 1)?
-10
What is the value of -42 + 47 + -12 - 80?
-87
16 + -47 + (9 + -18 - -5)
-35
Evaluate 18 + (19 - (-18 - (-40 + 4))) + 3.
22
What is the value of (-10 + 20 + (-3 - 3) - 9) + -9 + 3?
-11
Evaluate (-34 - -1 - (-292 + 272)) + 65 + 2.
54
What is (0 - 63) + (0 - 3 - (37 - 103 - -60))?
-60
-3 + -15 + -4 + 5 + 5 + 56
44
Calculate 17 - 9 - (-4 - -1 - (-95 + 70)).
-14
What is the value of (75 + -3 - (-29 - -54)) + 18?
65
Evaluate 1 - 5 - ((4 - (26 + 0 + -15)) + -42).
45
What is the value of 14 - (0 + -2 + 1 + 8) - -39 - -1?
47
(94 - 27) + -112 - 18
-63
319 - 290 - (119 - 23)
-67
What is the value of -1 - -131 - (62 - 191 - -132)?
127
What is -5 + 0 + -1 - (-60 - (1 + (-12 - 47)))?
-4
Calculate -43 - -116 - (-6 - -52) - -90.
117
2 + -15 + -18 + 29 + 89
87
Calculate 15 - (-2 - (-4 - -2) - (49 + -37 + -10)).
17
What is (171 - 275) + 29 + 1 + (8 - 0)?
-66
What is the value of (-16 - -33) + 64 + -31?
50
Calculate (60 + -19 - -4) + (-4 + 0 - -3).
44
-79 + (75 - (77 + -35))
-46
Calculate (-27 - (-1 + -7)) + 197 + -203.
-25
Calculate -9 - (263 + -240 - ((-3 - -4 - 2) + -8)).
-41
69 + (39 - (11 - -3)) + -14 + -27
53
-8 + (17 - (-1 - -24)) + -18 - (5 - 1)
-36
What is the value of -78 + 36 + -17 + (7 - (5 - 4))?
-53
44 + (-22 - 21 - -1)
2
What is the value of 2 + 69 - (56 - -4)?
11
Evaluate 37 + (-39 - 5) + -4 + -4.
-15
Calculate -9 + (4 + 3 - (-8 - (-1 + (-4 - -8)))).
9
Evaluate -95 - -2 - (0 + (-8 - 12) + 4).
-77
What is the value of (12 + -41 - -43) + -20 + (0 + 1 - 57)?
-62
(5 + -2 + 37 - 0 - (68 - 69)) + -9
32
Evaluate -4354 + 4262 - (-2 + -29).
-61
What is -30 - (-145 - -130) - (-77 - 0)?
62
Calculate 3 - (-15 + 25) - ((-6 - 0) + -7).
6
Calculate (-73 - 3) + 149 + -116.
-43
What is 0 + 26 - (107 + -3 + -144)?
66
What is the value of (80 - 85) + (-14 - -1) - -6 - -40?
28
What is the value of (-11 - (5 + -13 + 69 + 4)) + 14 + -18?
-80
What is the value of (-362 - -373 - ((1 - -12) + -1)) + 41?
40
Evaluate (-18 + 8 - -17) + 8 - 29.
-14
What is -123 - ((-1 - 34) + 45 + (-91 - -61))?
-103
Calculate -74 + 124 - 39 - (73 - 2).
-60
Calculate -37 + -9 + (24 - 12).
-34
0 + -4 + -3 + -20 + 17 + 60
50
What is the value of 34 + -6 - (-328 + 449)?
-93
What is the value of (-5 - -17) + (-19 - (-26 + 13 - -29))?
-23
8 + -9 + -12 - -12 - (-110 - -3)
106
Calculate 25 + -33 + 34 + -7 - 111.
-92
Calculate 25 - (57 + (-110 - -37)).
41
24 + 46 + 2 + -14 + (81 - 77)
62
Evaluate (-1 - (57 + -104)) + -73.
-27
Evaluate 9 + 9 - (4 - (29 - 0) - -13).
30
What is the value of (88 - -2 - -1) + (0 - -73) + -78?
86
Calculate -25 + -1 + -1214 + 1198 - -23.
-19
(-33 - (-4 + 1 + 9 + -5)) + (-133 - -141)
-26
Evaluate 8 + (-11 + -12 - -26) + -26.
-15
30 + -23 + -24 - (2 + -4)
-15
Evaluate (-2 - (-2 - 83)) + (-21582 - -21577).
78
What is (67 - 31) + -75 - -47?
8
-51 + 3 + 1467 + -1350
69
-17 + -9 + 16 - -19 - 37 - 12
-40
What is -3797 + 3779 - (0 + 23)?
-41
What is the value of 11 + (-7 + 26 - (-2 + 37))?
-5
Evaluate (63 + (-44 - 15) - (-10 - (2 - 4))) + -39.
-27
What is the value of (17 - 34) + -4 + (39 - 15)?
3
What is the value of (15 - -24) + 1 + -23?
17
Calculate (15 - (4 + (4 - 3))) + (-25 - (-23 - -2)).
6
Calculate 44 + -9 + -3 + 32 - 16.
48
-3 - (-10 + -7) - 27 - (-11 + -2 + -2)
2
What is 11 + 8 + -47 - (9 - -7 - 3)?
-41
What is the value of -98 + (11 + -16 - (-3 + -5 + 5))?
-100
Calculate -3 + (348 - 108) + -125.
112
What is -43 + (-23 - -17) + (2 - (2 + -2) - 5)?
-52
What is -31 - (-147 + 111) - -113?
118
Evaluate 53 + 49 + 33 + (6 - 26).
115
What is the value of -1 + -12 - (4 + -125 - -113)?
-5
-24 - (1761 + -1677 + (2 - 2))
-108
(78 - (-147 - -225)) + -89
-89
Evaluate (-13 + 31 - 9) + 37.
46
-15 + (-4 - -29) + -41 + (0 - 1)
-32
Evaluate -11 + (-4 + 4 + 0 - (16 + 14 - -23)).
-64
Calculate (0 - -20) + 9 - (-5 - (5 + -3) - 4).
40
Calculate (-8 - 0 - 0) + -3 + 24 + 2 - -4.
19
Evaluate -56 + 47 + 21 + 52 + 1 - (1 - -4).
60
-59 + -5 + 35 - -77
48
Evaluate 108 + -1 - (-91 + (30 - -88)).
80
What is the value of 12 + -20 + (-15 - -90 - 11 - 10)?
46
6 + (-354 - -354 - (106 + (1 + -5 - -4)))
-100
Evaluate (24 - 34) + (0 + -1 - (-62 - (10 - 20))).
41
(-1569 - -1549 - (0 - 2 - -7)) + (0 - -7)
-18
What is the value of -15 + (3 - (11 + 6)) + 4 + -1?
-26
Calculate (17 - -3) + -29 + 70 + -142.
-81
-1 + -2 + (0 - (25 + (3 - 21)))
-10
-36 + 84 - (19 + (-26 - 3) - -26)
32
Evaluate -2 + 4 + (4 - (-20 - -31)) - -8.
3
(8 + -27 - 3) + -6 - -75
47
-137 + 124 + -138 - -57
-94
What is the value of (63 + -114 - -60) + (-20 - 0)?
-11
5 + -1 - ((8 - 18) + 9 - -9) - 31
-35
Calculate (-39 - -1) + 3 + (-949 - -958) + 1 + -12.
-37
What is the value of -15 - 4 - (12 - 18 - -21)?
-34
-90 + -28 + 14 + 3 + 10 + -14
-